 is the ten millions digit of 59064823?
5
What is the hundreds digit of 213927679?
6
What is the hundreds digit of 1041746183?
1
What is the tens digit of 189688980?
8
What is the millions digit of 389659628?
9
What is the hundred millions digit of 148753572?
1
What is the units digit of 248645825?
5
What is the thousands digit of 230227225?
7
What is the ten thousands digit of 93807253?
0
What is the hundred thousands digit of 65023344?
0
What is the ten thousands digit of 1338230524?
3
What is the ten millions digit of 2986492565?
8
What is the tens digit of 16943096?
9
What is the tens digit of 20638312?
1
What is the ten millions digit of 543696644?
4
What is the thousands digit of 10504796?
4
What is the hundred thousands digit of 217136186?
1
What is the hundreds digit of 826032597?
5
What is the hundred thousands digit of 258015267?
0
What is the ten millions digit of 575750609?
7
What is the ten millions digit of 670674525?
7
What is the tens digit of 108060391?
9
What is the hundred thousands digit of 3223006?
2
What is the thousands digit of 451071867?
1
What is the hundred thousands digit of 3191197253?
1
What is the ten millions digit of 1236004628?
3
What is the ten millions digit of 2513034386?
1
What is the tens digit of 340242894?
9
What is the hundred thousands digit of 4567091168?
0
What is the hundred millions digit of 4246213972?
2
What is the ten thousands digit of 77506815?
0
What is the millions digit of 51662312?
1
What is the hundred thousands digit of 7549095?
5
What is the units digit of 2917221993?
3
What is the thousands digit of 44899983?
9
What is the ten millions digit of 1555439426?
5
What is the thousands digit of 46946707?
6
What is the hundred thousands digit of 2017976581?
9
What is the ten millions digit of 1568598151?
6
What is the ten thousands digit of 53735462?
3
What is the millions digit of 419566267?
9
What is the units digit of 129327522?
2
What is the ten millions digit of 19479151?
1
What is the units digit of 46759426?
6
What is the millions digit of 556756592?
6
What is the hundred millions digit of 589818233?
5
What is the units digit of 78157710?
0
What is the millions digit of 39859287?
9
What is the billions digit of 1293340329?
1
What is the thousands digit of 925282993?
2
What is the units digit of 416285660?
0
What is the ten thousands digit of 660417780?
1
What is the units digit of 34649239?
9
What is the hundreds digit of 45088629?
6
What is the tens digit of 1608167873?
7
What is the hundred thousands digit of 135091900?
0
What is the thousands digit of 98182200?
2
What is the ten millions digit of 82095911?
8
What is the ten millions digit of 990043658?
9
What is the thousands digit of 345264552?
4
What is the units digit of 91956047?
7
What is the ten thousands digit of 3774482026?
8
What is the millions digit of 417985838?
7
What is the hundred thousands digit of 429978636?
9
What is the ten thousands digit of 208835247?
3
What is the hundred thousands digit of 171232892?
2
What is the hundred millions digit of 635929640?
6
What is the units digit of 1401131454?
4
What is the thousands digit of 484337385?
7
What is the millions digit of 363636155?
3
What is the ten millions digit of 40548747?
4
What is the hundred thousands digit of 101389241?
3
What is the thousands digit of 486109608?
9
What is the hundred millions digit of 273963695?
2
What is the hundred thousands digit of 60115075?
1
What is the units digit of 2154871786?
6
What is the tens digit of 3868496054?
5
What is the hundred thousands digit of 998403228?
4
What is the hundred thousands digit of 67215708?
2
What is the hundreds digit of 80996419?
4
What is the millions digit of 55278863?
5
What is the millions digit of 670383074?
0
What is the tens digit of 139875152?
5
What is the millions digit of 23153735?
3
What is the units digit of 78944204?
4
What is the ten thousands digit of 542103989?
0
What is the ten millions digit of 154022665?
5
What is the hundreds digit of 499820440?
4
What is the hundred millions digit of 916208580?
9
What is the units digit of 3123923659?
9
What is the thousands digit of 152639726?
9
What is the units digit of 54551933?
3
What is the units digit of 196123711?
1
What is the hundred millions digit of 201484340?
2
What is the hundred thousands digit of 50202874?
2
What is the ten thousands digit of 2970723512?
2
What is the tens digit of 23697039?
3
What is the hundred millions digit of 439535611?
4
What is the hundred thousands digit of 815599555?
5
What is the hundreds digit of 1104925419?
4
What is the hundred thousands digit of 76915948?
9
What is the hundred thousands digit of 178061589?
0
What is the ten millions digit of 195709073?
9
What is the millions digit of 43760926?
3
What is the ten millions digit of 96909294?
9
What is the ten millions digit of 173416634?
7
What is the hundred thousands digit of 366892030?
8
What is the millions digit of 352110154?
2
What is the millions digit of 467187007?
7
What is the billions digit of 2564193432?
2
What is the ten millions digit of 21950389?
2
What is the hundred thousands digit of 605188717?
1
What is the units digit of 2053279137?
7
What is the ten thousands digit of 3720187828?
8
What is the ten thousands digit of 2361247919?
4
What is the thousands digit of 65508374?
8
What is the millions digit of 242585880?
2
What is the thousands digit of 39145512?
5
What is the units digit of 99808972?
2
What is the hundred thousands digit of 2046665514?
6
What is the millions digit of 14308252?
4
What is the thousands digit of 7711561921?
1
What is the units digit of 817399738?
8
What is the hundreds digit of 1069982502?
5
What is the hundred thousands digit of 1251938767?
9
What is the ten thousands digit of 1147041870?
4
What is the hundreds digit of 108667304?
3
What is the hundreds digit of 2907335701?
7
What is the millions digit of 176549055?
6
What is the ten millions digit of 48710977?
4
What is the ten millions digit of 2097849773?
9
What is the ten thousands digit of 2130275806?
7
What is the thousands digit of 2154369440?
9
What is the hundreds digit of 185708419?
4
What is the ten millions digit of 102349311?
0
What is the ten millions digit of 1725776276?
2
What is the tens digit of 2230947861?
6
What is the thousands digit of 10503290?
3
What is the tens digit of 436265211?
1
What is the ten millions digit of 379799441?
7
What is the tens digit of 3727809070?
7
What is the ten millions digit of 777089376?
7
What is the units digit of 39956649?
9
What is the ten millions digit of 3434135332?
3
What is the ten millions digit of 1935503660?
3
What is the hundreds digit of 27494337?
3
What is the ten thousands digit of 1549940434?
4
What is the hundred thousands digit of 94397443?
3
What is the millions digit of 36657586?
6
What is the hundred millions digit of 1188624100?
1
What is the hundreds digit of 231546412?
4
What is the hundred millions digit of 131520850?
1
What is the tens digit of 5345874879?
7
What is the hundred thousands digit of 202121352?
1
What is the tens digit of 106272477?
7
What is the ten millions digit of 84806482?
8
What is the ten millions digit of 28744597?
2
What is the thousands digit of 933796?
3
What is the hundred thousands digit of 303565837?
5
What is the ten thousands digit of 52852025?
5
What is the hundred thousands digit of 291030057?
0
What is the ten thousands digit of 2583790376?
9
What is the units digit of 140346493?
3
What is the hundred thousands digit of 9223968?
2
What is the hundreds digit of 672470808?
8
What is the millions digit of 167165030?
7
What is the units digit of 445924229?
9
What is the hundred thousands digit of 171448762?
4
What is the thousands digit of 127434204?
4
What is the ten millions digit of 4694560166?
9
What is the thousands digit of 12092111?
2
What is the ten thousands digit of 1570434650?
3
What is the ten millions digit of 60706749?
6
What is the thousands digit of 302823696?
3
What is the thousands digit of 27650913?
0
What is the ten millions digit of 34865050?
3
What is the hundreds digit of 10532270?
2
What is the ten thousands digit of 15682264?
8
What is the ten thousands digit of 29137750?
3
What is the tens digit of 165524260?
6
What is the ten